*t**3 - 22*t**2 + 66*t + 8. Let a(p) = 11*h(p) + 4*q(p). Calculate a(k).
9
Let z(a) be the first derivative of -7/3*a**3 - 9/2*a**2 - 89 + 1/4*a**4 + 9*a. What is z(8)?
1
Let d(n) = 67*n**2 + 2*n - 2*n**3 - 206*n**2 + 71*n**2 + 67*n**2 - 1. Suppose -3*h = -2*s - 0*h + 25, -4*s + h = -25. Suppose s*l + 6 = -4. Give d(l).
7
Let z(j) = -8*j - 27*j**3 + 15*j + 26*j**3 - 50 + 89 - 15*j**2. Determine z(-15).
-66
Let f(i) be the third derivative of -i**4/12 + 19*i**3/6 + 2*i**2 - 43. Calculate f(-16).
51
Let k(f) = -f**2 - 7*f - 2. Let i be (-2 + 3)/((-1)/(-1)). Suppose -10*s = -9*s - i. Suppose -a - s = 6. Determine k(a).
-2
Let a(u) = 633 - 3*u**3 + 2*u**3 - 642 - 2*u**2 + 6*u. Let i be a(-4). Let f(g) = 15*g - 1. Give f(i).
-16
Let c(m) = 1557*m - 1567. Let z be c(1). Let q(o) = -3*o**2 + 9*o + 14*o**2 + 7*o**3 - 6*o**3 - 9. Give q(z).
1
Suppose v - 42 = 48. Let d be 18/(-42) - v/(-14). Let b(m) = 8*m - 6 + 9*m - 19*m. What is b(d)?
-18
Let r(f) = 4045*f**2 - 1 - 5 + 2 + 5 - 4053*f**2 - 20*f. Determine r(-3).
-11
Let p(i) = 6*i + 11. Let g(m) = -m**3 - 2*m**2 - 7*m - 48. Let c be g(-4). Suppose 2*b = 2*j + 6 - c, -5*b - 36 = 2*j. Determine p(b).
-25
Let d = -75 - -74. Let r(f) = -5*f - 2. Let q(z) = -z + 1. Let i(m) = d*r(m) - 2*q(m). Let y(t) = 7*t - 1. Let k(v) = -4*i(v) + 3*y(v). What is k(-3)?
18
Let a(l) be the first derivative of -2*l**3/3 - 11*l**2/2 - 22*l + 204. Calculate a(-4).
-10
Let q(o) be the second derivative of -o**5/20 + 3*o**4/4 - o**3/2 - 7*o**2/2 - 3*o + 105. What is q(5)?
78
Let u(q) = 10*q + 72. Let d(f) = -49*f + 2787. Let i be d(57). What is u(i)?
12
Let z(h) = 34*h + 256. Let f(m) = 3*m + 4. Let o(j) = -6*f(j) + z(j). What is o(-14)?
8
Let k(g) be the first derivative of -2 + 4*g**2 + 1/3*g**3 + 9*g. Let o = 45 + -52. Give k(o).
2
Let o(z) = z. Suppose -f = 3*f + 20, -3*r - 2*f + 26 = 0. Let m(x) = 5*x**2 - 10*x - x**3 - 2*x + 0*x**2 + 4*x**2 + 4*x**2. Let b be m(r). Determine o(b).
0
Let v(c) be the first derivative of c**3/3 + 47*c**2/2 + 80*c - 5546. What is v(-45)?
-10
Let f(l) = -2*l + 7*l**2 - 3*l**3 - 6 + 2 + 4*l**3. Let u = -3243 + 3236. What is f(u)?
10
Let a = -57085 + 57093. Let z(f) = 4 + 2 + 3 - f**2 + 7*f. Calculate z(a).
1
Let a(v) = -3*v**3 - 2*v**2 - 5*v - 3. Let p be a(-1). Let t(u) be the first derivative of -9*u**2/2 + 6. What is t(p)?
-27
Let r(a) be the third derivative of a**5/60 + a**4/4 - a**3 + 16*a**2. Suppose 0*d + 3*d = 9. Suppose -4*j - 36 + 6 = -2*p, 0 = -d*j + p - 21. Give r(j).
-6
Let j(u) = -u**3 + 2*u**2 + 1. Let h(g) = -3*g**3 + 19*g + 19. Let n(y) = 20*y + 359. Let k be n(-18). Let q be h(k). Give j(q).
-8
Let r(o) = -o - 52. Let j be r(-57). Let b(w) = -2*w + 4. Determine b(j).
-6
Let k(p) = 2*p**2 + 20*p + 1. Let s(c) = 10*c**2 - 261*c + 18. Let r be s(26). Give k(r).
-31
Let o(p) be the third derivative of p**5/60 - p**4/6 + p**3 - 5*p**2. Suppose 4*j + 18*r = 19*r + 21, 2*r = j - 14. What is o(j)?
6
Let n(l) = -l**2 + 6*l - 7. Let b be n(3). Suppose -3*w + w = -b. Let r(g) = 4 - w + 4 - g - 5. What is r(-5)?
7
Let y(j) = 15*j + 3. Suppose 57*v + 25 - 7 = 39*v. Calculate y(v).
-12
Let n(c) = 21*c - 77*c + 137 + 11*c. Let q be n(3). Let d(k) = -3*k - 1. Calculate d(q).
-7
Let t = -5887 + 5892. Let n(a) = -29*a - 5. What is n(t)?
-150
Let s be 96/(-4)*-1*(-1)/(-2). Let h(b) = 123 + s*b - 9*b - 123 + b**2. Calculate h(-4).
4
Suppose 7 = 5*z - 3. Let l = z - 0. Let u(c) be the second derivative of -c**4/12 + c**3/6 - c**2 - 3124*c + 2. Calculate u(l).
-4
Let u(r) = -r**3 + 11*r**2 - 18*r + 1. Let m = -4052 - -4061. Give u(m).
1
Suppose -24 = -b - 30. Let l(k) = 7 + 96*k - 160*k + 65*k. Calculate l(b).
1
Let b(h) = h**3 - 34*h**2 + 32*h + 33. Let l be b(33). Suppose -8*n + 40 + 16 = l. Let f(m) = m**2 - 7*m. Calculate f(n).
0
Suppose 701154 = 23*y + 184321. Let g(u) = 22461 - y - u**2 + 2*u**2 - 7*u. Calculate g(9).
8
Let h(x) = -996*x - 1003*x - 10 + 8 + 1996*x - 3 + x**2. Determine h(5).
5
Let a(x) = 17*x**3 + 12*x**2 - 2*x - 9. Let d be a(1). Let w(q) = -3*q + 32. Calculate w(d).
-22
Let b be (-12)/(-24)*(-2 + (3 - 5)). Let r(o) = 3*o**3 - o + 1. What is r(b)?
-21
Suppose -4*z - 8 + 32 = 0. Suppose 3*o - 25 + 13 = 0. Let g(q) = -2 + 0*q**2 + 5 - o*q**2 - 2*q**2 + q**3 - 2*q. Calculate g(z).
-9
Suppose -7*r + 6*r = -g + 9, 0 = -5*r + 5. Suppose -s - 36 = -g*s. Let q(o) = o**2 - 6*o + 8. Calculate q(s).
0
Let d(y) be the third derivative of y**4/12 - 37*y**3/6 - 680*y**2. Determine d(17).
-3
Let x(v) be the second derivative of 0 + 1/12*v**4 + 9*v + 3*v**2 + 3/2*v**3. Suppose l + 34 = -4*l - 2*d, 4*l + 2*d = -28. Determine x(l).
-12
Let i(c) = 3*c**2 - 1. Let j be (1 - -1) + (3 - 0). Suppose 4*y - 24 = -2*u - 6, -4*y = 5*u - 33. Suppose 0 = m - j*t + 6, 2*t = 4*t - y. Give i(m).
2
Suppose 5*z = -0*x - 3*x + 31, -15 = -5*x - z. Let p(b) be the first derivative of 1/2*b**2 + 38 - b + 1/3*b**3. Give p(x).
5
Let y(t) = -6*t + 4*t - 7062 + 7021 + 3*t. What is y(10)?
-31
Let y = 4673 - 4622. Let n(f) = 5*f - 258. Calculate n(y).
-3
Let a(u) = 183*u + 809. Let r(t) = 33*t - 2. Let c(g) = a(g) - 4*r(g). What is c(-16)?
1
Let c(g) = 3*g + 167. Suppose -28661*u + 28651*u = 530. Give c(u).
8
Let s(t) = t**2 + 27*t + 86. Let q be s(-18). Let o be (4/24)/(-3 - q/24). Let c(v) = 19*v**3 - v**2 + v - 1. Give c(o).
18
Let u(n) be the second derivative of n + 1/2*n**3 + 18 + 3*n**2. Calculate u(-5).
-9
Let o(i) = -i**3 - i**2 + 3*i - 3. Let j(h) = 7*h + 49. Let s be j(-9). Let c(g) = -g**3 - 12*g**2 + 27*g - 11. Let l be c(s). What is o(l)?
-30
Suppose -3*x - 296 = -404. Let l(q) = -q**2 + 33*q + 114. Give l(x).
6
Let w(n) be the third derivative of -n**4/8 - 7*n**3/6 - n**2 - 65*n. Give w(12).
-43
Suppose -20*h + 128 = -12*h. Let s(a) = 16 + 3*a - h - 6. Give s(4).
6
Let t = 20 + -30. Let l(q) = -8*q + 381872*q**2 - 85 - 381873*q**2 + 96. Determine l(t).
-9
Let w(f) = f - 1. Suppose 6 + 9 = 3*c. Let y(v) = -3*v + 70 + c*v - 95. Let d be y(17). What is w(d)?
8
Let d = 1240 + -1236. Let w(k) = -k**2 + 6*k - 2. Calculate w(d).
6
Let a(g) be the first derivative of -g**4/4 + g**3/3 + 11*g**2/2 - 7*g - 492. Give a(3).
8
Let j(c) be the third derivative of -3*c**5/20 + 5*c**2. Let m = 601 - 600. What is j(m)?
-9
Let w(a) = -a**2 - 17*a + 41. Let i be w(2). Let c(b) = -b**2 + 11*b - 21. Let p be c(i). Let r(f) = -f**3 + f**2 + 2*f + 4. Calculate r(p).
-8
Let h(l) = -l + 9. Let v = 12 - -4. Suppose -o = -3*b - b + v, 2*o = 3*b - 7. Let a be h(o). Let d(k) = k - 1. Calculate d(a).
4
Let y(s) = 5*s - 16. Suppose 9 = -11*p - 1 - 78. Determine y(p).
-56
Let f(m) be the first derivative of m**3/3 - 5*m**2 - 13*m - 3381. Suppose z - 22 = -z. Determine f(z).
-2
Suppose -i = 11*o - 7*o, 3*i - 2*o = -14. Let n be 15*(i/3)/((-40)/(-24)). Let g(d) = -d**3 - 11*d**2 + 13*d + 6. Determine g(n).
-6
Let r(w) = -6*w**3 - 34*w**2 + 2*w + 1. Let k(s) = 7*s**3 + 40*s**2 - 3*s - 2. Let o(u) = -5*k(u) - 6*r(u). Determine o(-4).
-8
Let w(o) = 2*o**2 + 56*o - 324. Let x be w(-33). Let n(m) = 6*m**2 - 6*m - 1. Let l(f) = -5*f**2 + 6*f + 1. Let z(d) = 5*l(d) + 4*n(d). Give z(x).
1
Let p(i) = 6*i + 39. Let f(n) = -3*n - 19. Let q = 12 - 8. Let k(r) = q*p(r) + 7*f(r). Let t be k(-7). Let c(h) = 5*h**2 - h - 1. Give c(t).
17
Let k(g) = -713*g - 721*g + 3 + 3*g**2 + 1418*g. Give k(5).
-2
Let g(p) = p**3 + 1. Let h(k) = k**3 + 6*k**2 + 2*k - 6. Let c(j) = -j**3 - 6*j**2 - 3*j + 8. Let x be c(-5). Let v(r) = x*g(r) + h(r). Determine v(6).
4
Suppose 0 = -3*s - 4*j + 63, 63 = 3*s - 6*j + 7*j. Let q(n) = -n**3 - 10*n - s*n**2 - 3 + 28*n**2 + 4*n. Calculate q(6).
-3
Let j(w) = -w + 2. Let s be j(-3). Let x(r) = 3 - 40 + r + s + 9 + 11. Determine x(0).
-12
Suppose 108718*h - 108724*h + 6 = 0. Let f(l) = -l - 2 + 2*l + 4 + 5*l**2. Let i(k) = -5*k**2 - k - 3. Let q(o) = -4*f(o) - 3*i(o). Determine q(h).
-5
Suppose -u - 3 = 2*d, -28*d - 2*u = -32*d - 2. Let o(c) = c**3 - 3*c**2 + 4*c + 7. Give o(d).
-1
Let o(k) = -80*k**2 - 23*k - 34. Let y(l) = 19*l**2 + 6*l + 9. Let q(n) = 2*o(n) + 9*y(n). Calculate q(-2).
41
Let i(u) = 10*u**2 + 906*u - 7*u**2 - 7*u**2 - 904*u. Let l be 2/7 - (-16)/(-7). Determine i(l).
-20
Let s(b) = b**3 + 7*b**2 - 8*b + 2. Let p(g) be the third derivative of g**4/24 + 7*g**3 - 25*g**2. Let w be p(17). Let y = 51 - w. Cal